{"id":69,"date":"2021-04-24T19:08:27","date_gmt":"2021-04-24T17:08:27","guid":{"rendered":"https:\/\/sprachkarte.de\/de\/?post_type=sprachkarte_poi&#038;p=69"},"modified":"2025-01-29T16:25:23","modified_gmt":"2025-01-29T15:25:23","slug":"fleissdorf","status":"publish","type":"sprachkarte_poi","link":"https:\/\/sprachkarte.de\/ds\/poi\/fleissdorf\/","title":{"rendered":"Flei\u00dfdorf &#8211; D\u0142ugi"},"content":{"rendered":"\n<p>Der Sprecher erz\u00e4hlt am 16. September 1954 wie die Nachbard\u00f6rfer von Flei\u00dfdorf hei\u00dfen. Er beschreibt, was auf dem Feld angebaut wird und wie das Wetter im laufenden Jahr war. Sein Vater kam aus Raddusch, seine Mutter aus dem Haus wo er jetzt wohnt. Das Haus war fr\u00fcher ein Haus mit Strohdach, es ist allerdings 1891 abgebrannt und wurde neu aufgebaut. Das Feuer entstand durch eine Lampe, der Sprecher war zu diesem Zeitpunkt 6 Jahre alt. \u201eFr\u00fcher haben wir uns haupts\u00e4chlich von Kartoffeln Quark und Lein\u00f6l ern\u00e4hrt. In Flei\u00dfdorf wurde auch Flachs angebaut und Leinewand gewebt. Der Lehrer in Flei\u00dfdorf war sorbisch\/wendisch und kam aus Sch\u00f6nh\u00f6he bei Peitz.\u201c Er erz\u00e4hlt, dass ein Mann aus dem Ort einem Irrlicht begegnete, da er das Irrlicht beschimpfte wurde er in den Graben gesto\u00dfen. Auch von der Mittagsfrau hat er geh\u00f6rt. Es gab auch einen Bauern der einen Drachen hatte und ihm Hirse gekocht hat. Von Lutken hat er auch geh\u00f6rt aber sie noch nicht gesehen.<\/p>\n\n\n\n<p>Am Rand vom Spreewald wird mehr Getreide angebaut, im Spreewald selbst Meerrettich und Gurken und von dort bezieht man Heu.<\/p>\n\n\n\n<p>Im Ort gibt es den Zapust und auch die Spinnstube.<\/p>\n\n\n\n<figure class=\"wp-block-audio\"><audio controls src=\"https:\/\/sprachkarte.de\/wp-content\/uploads\/s1034-.mp3\"><\/audio><\/figure>\n","protected":false},"template":"","categories":[],"tags":[],"class_list":["post-69","sprachkarte_poi","type-sprachkarte_poi","status-publish","hentry"],"_links":{"self":[{"href":"https:\/\/sprachkarte.de\/ds\/wp-json\/wp\/v2\/sprachkarte_poi\/69","targetHints":{"allow":["GET"]}}],"collection":[{"href":"https:\/\/sprachkarte.de\/ds\/wp-json\/wp\/v2\/sprachkarte_poi"}],"about":[{"href":"https:\/\/sprachkarte.de\/ds\/wp-json\/wp\/v2\/types\/sprachkarte_poi"}],"wp:attachment":[{"href":"https:\/\/sprachkarte.de\/ds\/wp-json\/wp\/v2\/media?parent=69"}],"wp:term":[{"taxonomy":"category","embeddable":true,"href":"https:\/\/sprachkarte.de\/ds\/wp-json\/wp\/v2\/categories?post=69"},{"taxonomy":"post_tag","embeddable":true,"href":"https:\/\/sprachkarte.de\/ds\/wp-json\/wp\/v2\/tags?post=69"}],"curies":[{"name":"wp","href":"https:\/\/api.w.org\/{rel}","templated":true}]}}

Fleißdorf &#8211; Długi

<p>Der Sprecher erzählt am 16. September 1954 wie die Nachbardörfer von Fleißdorf heißen. Er beschreibt, was auf dem Feld angebaut wird und wie das Wetter im laufenden Jahr war. Sein Vater kam aus Raddusch, seine Mutter aus dem Haus wo er jetzt wohnt. Das Haus war früher ein Haus mit Strohdach, es ist allerdings 1891 abgebrannt und wurde neu aufgebaut. Das Feuer entstand durch eine Lampe, der Sprecher war zu diesem Zeitpunkt 6 Jahre alt. „Früher haben wir uns hauptsächlich von Kartoffeln Quark und Leinöl ernährt. In Fleißdorf wurde auch Flachs angebaut und Leinewand gewebt. Der Lehrer in Fleißdorf war sorbisch/wendisch und kam aus Schönhöhe bei Peitz.“ Er erzählt, dass ein Mann aus dem Ort einem Irrlicht begegnete, da er das Irrlicht beschimpfte wurde er in den Graben gestoßen. Auch von der Mittagsfrau hat er gehört. Es gab auch einen Bauern der einen Drachen hatte und ihm Hirse gekocht hat. Von Lutken hat er auch gehört aber sie noch nicht gesehen.</p>



<p>Am Rand vom Spreewald wird mehr Getreide angebaut, im Spreewald selbst Meerrettich und Gurken und von dort bezieht man Heu.</p>



<p>Im Ort gibt es den Zapust und auch die Spinnstube.</p>



<figure class="wp-block-audio"><audio controls src="https://sprachkarte.de/wp-content/uploads/s1034-.mp3"></audio></figure>
