{"id":55,"date":"2021-02-23T17:53:32","date_gmt":"2021-02-23T16:53:32","guid":{"rendered":"https:\/\/sprachkarte.de\/de\/?post_type=sprachkarte_poi&#038;p=55"},"modified":"2025-01-29T16:25:41","modified_gmt":"2025-01-29T15:25:41","slug":"drehnow","status":"publish","type":"sprachkarte_poi","link":"https:\/\/sprachkarte.de\/ds\/poi\/drehnow\/","title":{"rendered":"Drehnow &#8211; Drjenow"},"content":{"rendered":"\n<p>Die Sprecherin, Jahrgang 1934, erz\u00e4hlt am 9. Oktober 2005 \u00fcber das Dorfleben und dass sie eine gro\u00dfe Familie waren. Zu jeder Zeit gab es Probleme, das ist im Leben so. Sie wohnt gemeinsam mit einer Tochter und zwei Enkeln, ihre zweite Tochter wohnt in England. Ihr Mann hatte einen schweren Schlaganfall und ist im Pflegeheim in Peitz. Sie erz\u00e4hlt von ihren polnischen Freunden und das die sorbische Sprache beim Verstehen des Polnischen hilft.<\/p>\n\n\n\n<figure class=\"wp-block-audio\"><audio controls src=\"https:\/\/sprachkarte.de\/wp-content\/uploads\/f0030.mp3\"><\/audio><\/figure>\n","protected":false},"template":"","categories":[],"tags":[],"class_list":["post-55","sprachkarte_poi","type-sprachkarte_poi","status-publish","hentry"],"_links":{"self":[{"href":"https:\/\/sprachkarte.de\/ds\/wp-json\/wp\/v2\/sprachkarte_poi\/55","targetHints":{"allow":["GET"]}}],"collection":[{"href":"https:\/\/sprachkarte.de\/ds\/wp-json\/wp\/v2\/sprachkarte_poi"}],"about":[{"href":"https:\/\/sprachkarte.de\/ds\/wp-json\/wp\/v2\/types\/sprachkarte_poi"}],"wp:attachment":[{"href":"https:\/\/sprachkarte.de\/ds\/wp-json\/wp\/v2\/media?parent=55"}],"wp:term":[{"taxonomy":"category","embeddable":true,"href":"https:\/\/sprachkarte.de\/ds\/wp-json\/wp\/v2\/categories?post=55"},{"taxonomy":"post_tag","embeddable":true,"href":"https:\/\/sprachkarte.de\/ds\/wp-json\/wp\/v2\/tags?post=55"}],"curies":[{"name":"wp","href":"https:\/\/api.w.org\/{rel}","templated":true}]}}

<p>Die Sprecherin, Jahrgang 1934, erzählt am 9. Oktober 2005 über das Dorfleben und dass sie eine große Familie waren. Zu jeder Zeit gab es Probleme, das ist im Leben so. Sie wohnt gemeinsam mit einer Tochter und zwei Enkeln, ihre zweite Tochter wohnt in England. Ihr Mann hatte einen schweren Schlaganfall und ist im Pflegeheim in Peitz. Sie erzählt von ihren polnischen Freunden und das die sorbische Sprache beim Verstehen des Polnischen hilft.</p>



<figure class="wp-block-audio"><audio controls src="https://sprachkarte.de/wp-content/uploads/f0030.mp3"></audio></figure>
