{"id":134,"date":"2025-02-17T11:49:18","date_gmt":"2025-02-17T10:49:18","guid":{"rendered":"https:\/\/sprachkarte.de\/de\/?post_type=sprachkarte_poi&#038;p=134"},"modified":"2025-02-17T11:49:38","modified_gmt":"2025-02-17T10:49:38","slug":"horlitza-horlitza","status":"publish","type":"sprachkarte_poi","link":"https:\/\/sprachkarte.de\/ds\/poi\/horlitza-horlitza\/","title":{"rendered":"Sch\u00f6nheide &#8211; Pra\u0161yjca"},"content":{"rendered":"\n<ul class=\"wp-block-list\">\n<li>es wurde eine neue Kirche gebaut<\/li>\n\n\n\n<li>einen sorbischen Gottesdienst gibt es nicht<\/li>\n\n\n\n<li>zum Gottesdienst kamen Leute aus: Sch\u00f6nheide, Bloischdorf, Horliza<\/li>\n\n\n\n<li>die Sprecherin ging in Sch\u00f6nheide in die Schule<\/li>\n\n\n\n<li>sie erz\u00e4hlt \u00fcber die Flaksernte und dass sie Flaks gesponnen und gewebt haben<\/li>\n\n\n\n<li>in der Spinnstube wurde gestickt, gestrickt und gesponnen<\/li>\n\n\n\n<li>die Sprecherin hat nicht sorbisch singen gelernt<\/li>\n\n\n\n<li>sie erz\u00e4hlt \u00fcber die Namen der Felder und Wege auf Sorbisch<\/li>\n\n\n\n<li>fr\u00fcher waren die Hauser aus Holz mit einem Strohdach, nach Br\u00e4nden wurden dann Massivh\u00e4user gebaut<\/li>\n\n\n\n<li>die meisten Leute haben in der Landwirtschaft gearbeitet<\/li>\n\n\n\n<li>bei den Festen gab es Meerrettich, Biersuppe und Braten zu essen<\/li>\n\n\n\n<li>die Bauern haben Butter gemacht und sie auf den Markt in Spremberg verkauft und f\u00fcr das Geld wurde gekauft was man in Haushalt brauchten, z.B. Kaffee<\/li>\n\n\n\n<li>Die Sprecherin hat das Vaterunser in Sorbisch gebetet<\/li>\n<\/ul>\n\n\n\n<figure class=\"wp-block-audio\"><audio controls src=\"https:\/\/sprachkarte.de\/wp-content\/uploads\/s1004.mp3\"><\/audio><\/figure>\n","protected":false},"template":"","categories":[],"tags":[],"class_list":["post-134","sprachkarte_poi","type-sprachkarte_poi","status-publish","hentry"],"_links":{"self":[{"href":"https:\/\/sprachkarte.de\/ds\/wp-json\/wp\/v2\/sprachkarte_poi\/134","targetHints":{"allow":["GET"]}}],"collection":[{"href":"https:\/\/sprachkarte.de\/ds\/wp-json\/wp\/v2\/sprachkarte_poi"}],"about":[{"href":"https:\/\/sprachkarte.de\/ds\/wp-json\/wp\/v2\/types\/sprachkarte_poi"}],"wp:attachment":[{"href":"https:\/\/sprachkarte.de\/ds\/wp-json\/wp\/v2\/media?parent=134"}],"wp:term":[{"taxonomy":"category","embeddable":true,"href":"https:\/\/sprachkarte.de\/ds\/wp-json\/wp\/v2\/categories?post=134"},{"taxonomy":"post_tag","embeddable":true,"href":"https:\/\/sprachkarte.de\/ds\/wp-json\/wp\/v2\/tags?post=134"}],"curies":[{"name":"wp","href":"https:\/\/api.w.org\/{rel}","templated":true}]}}

Schönheide &#8211; Prašyjca

<ul class="wp-block-list">
<li>es wurde eine neue Kirche gebaut</li>



<li>einen sorbischen Gottesdienst gibt es nicht</li>



<li>zum Gottesdienst kamen Leute aus: Schönheide, Bloischdorf, Horliza</li>



<li>die Sprecherin ging in Schönheide in die Schule</li>



<li>sie erzählt über die Flaksernte und dass sie Flaks gesponnen und gewebt haben</li>



<li>in der Spinnstube wurde gestickt, gestrickt und gesponnen</li>



<li>die Sprecherin hat nicht sorbisch singen gelernt</li>



<li>sie erzählt über die Namen der Felder und Wege auf Sorbisch</li>



<li>früher waren die Hauser aus Holz mit einem Strohdach, nach Bränden wurden dann Massivhäuser gebaut</li>



<li>die meisten Leute haben in der Landwirtschaft gearbeitet</li>



<li>bei den Festen gab es Meerrettich, Biersuppe und Braten zu essen</li>



<li>die Bauern haben Butter gemacht und sie auf den Markt in Spremberg verkauft und für das Geld wurde gekauft was man in Haushalt brauchten, z.B. Kaffee</li>



<li>Die Sprecherin hat das Vaterunser in Sorbisch gebetet</li>
</ul>



<figure class="wp-block-audio"><audio controls src="https://sprachkarte.de/wp-content/uploads/s1004.mp3"></audio></figure>
