{"id":65,"date":"2021-04-24T19:01:07","date_gmt":"2021-04-24T17:01:07","guid":{"rendered":"https:\/\/sprachkarte.de\/de\/?post_type=sprachkarte_poi&#038;p=65"},"modified":"2025-01-29T16:25:29","modified_gmt":"2025-01-29T15:25:29","slug":"eichow","status":"publish","type":"sprachkarte_poi","link":"https:\/\/sprachkarte.de\/de\/poi\/eichow\/","title":{"rendered":"Eichow &#8211; Dubje"},"content":{"rendered":"\n<p>Der Sprecher, geboren 1881, erz\u00e4hlt am 11.09.1954 vom Dorfleben und von der Schule. Alle haben sich vor dem J\u00e4ger, dem Lehrer und dem Pfarrer gef\u00fcrchtet. Die Kinder wurden mit Bonbon motiviert wieder gern in die Schule zu kommen. Die Kinder aus Eichow sind nach Papitz zum Christenlehre Unterricht gelaufen. Sie liefen ca. eine halbe Stunde und auf dem Heimweg haben sie sich geneckt. Um 6 Uhr mussten wir in der Schule sein deshalb haben wir schon um 5 Uhr gefr\u00fchst\u00fcckt. In der Landwirtschaft mussten wir helfen. Die Kinder trugen Leinewandhosen.<\/p>\n\n\n\n<p>Fr\u00fcher wurden die Flachsfelder nicht gefl\u00fcgt sondern mit dem Spaten umgegraben. Das war sehr gut f\u00fcr das Wachstum. D\u00fcnger gab es kaum und Ende Juli, Anfang August wurde geerntet. Das Flachsstroh wurde eine Woche gew\u00e4ssert, danach getrocknet, im Ofen aufgeheizt,&nbsp; danach gebrochen und gek\u00e4mmt. Danach wurden die Fasern weiterverarbeitet und zu F\u00e4den gesponnen.<\/p>\n\n\n\n<figure class=\"wp-block-audio\"><audio controls src=\"https:\/\/sprachkarte.de\/wp-content\/uploads\/s1012.mp3\"><\/audio><\/figure>\n","protected":false},"template":"","categories":[],"tags":[],"class_list":["post-65","sprachkarte_poi","type-sprachkarte_poi","status-publish","hentry"],"_links":{"self":[{"href":"https:\/\/sprachkarte.de\/de\/wp-json\/wp\/v2\/sprachkarte_poi\/65","targetHints":{"allow":["GET"]}}],"collection":[{"href":"https:\/\/sprachkarte.de\/de\/wp-json\/wp\/v2\/sprachkarte_poi"}],"about":[{"href":"https:\/\/sprachkarte.de\/de\/wp-json\/wp\/v2\/types\/sprachkarte_poi"}],"wp:attachment":[{"href":"https:\/\/sprachkarte.de\/de\/wp-json\/wp\/v2\/media?parent=65"}],"wp:term":[{"taxonomy":"category","embeddable":true,"href":"https:\/\/sprachkarte.de\/de\/wp-json\/wp\/v2\/categories?post=65"},{"taxonomy":"post_tag","embeddable":true,"href":"https:\/\/sprachkarte.de\/de\/wp-json\/wp\/v2\/tags?post=65"}],"curies":[{"name":"wp","href":"https:\/\/api.w.org\/{rel}","templated":true}]}}

<p>Der Sprecher, geboren 1881, erzählt am 11.09.1954 vom Dorfleben und von der Schule. Alle haben sich vor dem Jäger, dem Lehrer und dem Pfarrer gefürchtet. Die Kinder wurden mit Bonbon motiviert wieder gern in die Schule zu kommen. Die Kinder aus Eichow sind nach Papitz zum Christenlehre Unterricht gelaufen. Sie liefen ca. eine halbe Stunde und auf dem Heimweg haben sie sich geneckt. Um 6 Uhr mussten wir in der Schule sein deshalb haben wir schon um 5 Uhr gefrühstückt. In der Landwirtschaft mussten wir helfen. Die Kinder trugen Leinewandhosen.</p>



<p>Früher wurden die Flachsfelder nicht geflügt sondern mit dem Spaten umgegraben. Das war sehr gut für das Wachstum. Dünger gab es kaum und Ende Juli, Anfang August wurde geerntet. Das Flachsstroh wurde eine Woche gewässert, danach getrocknet, im Ofen aufgeheizt,&nbsp; danach gebrochen und gekämmt. Danach wurden die Fasern weiterverarbeitet und zu Fäden gesponnen.</p>



<figure class="wp-block-audio"><audio controls src="https://sprachkarte.de/wp-content/uploads/s1012.mp3"></audio></figure>
